{"id":228,"date":"2022-01-27T10:24:39","date_gmt":"2022-01-27T09:24:39","guid":{"rendered":"https:\/\/cirqueoupresque.bzh\/?page_id=228"},"modified":"2022-03-29T09:31:30","modified_gmt":"2022-03-29T07:31:30","slug":"partenaires","status":"publish","type":"page","link":"https:\/\/cirqueoupresque.bzh\/index.php\/partenaires\/","title":{"rendered":"Partenaires"},"content":{"rendered":"<div id=\"pl-228\"  class=\"panel-layout\" ><div id=\"pg-228-0\"  class=\"panel-grid panel-has-style\" ><div style=\"padding: 100px 0; \" data-overlay=\"true\" class=\"panel-row-style panel-row-style-for-228-0\" ><div id=\"pgc-228-0-0\"  class=\"panel-grid-cell\" ><div id=\"panel-228-0-0-0\" class=\"so-panel widget widget_sow-editor panel-first-child panel-last-child\" data-index=\"0\" ><div style=\"text-align: left;\" data-title-color=\"#443f3f\" data-headings-color=\"#443f3f\" class=\"panel-widget-style panel-widget-style-for-228-0-0-0\" ><div\n\t\t\t\n\t\t\tclass=\"so-widget-sow-editor so-widget-sow-editor-base\"\n\t\t\t\n\t\t>\n<div class=\"siteorigin-widget-tinymce textwidget\">\n\t<p><strong><span style=\"font-family: arial, helvetica, sans-serif;\">Partenaires de la 9\u00e8me \u00e9dition du festival (2022)\u00a0<\/span><\/strong><\/p>\n<p><img loading=\"lazy\" decoding=\"async\" class=\"alignnone wp-image-801 \" src=\"https:\/\/cirqueoupresque.bzh\/wp-content\/uploads\/2022\/03\/Annonceurs-pour-teaser.png\" alt=\"Partenaires\" width=\"859\" height=\"480\" srcset=\"https:\/\/cirqueoupresque.bzh\/wp-content\/uploads\/2022\/03\/Annonceurs-pour-teaser.png 1683w, https:\/\/cirqueoupresque.bzh\/wp-content\/uploads\/2022\/03\/Annonceurs-pour-teaser-300x168.png 300w, https:\/\/cirqueoupresque.bzh\/wp-content\/uploads\/2022\/03\/Annonceurs-pour-teaser-1024x573.png 1024w, https:\/\/cirqueoupresque.bzh\/wp-content\/uploads\/2022\/03\/Annonceurs-pour-teaser-768x430.png 768w, https:\/\/cirqueoupresque.bzh\/wp-content\/uploads\/2022\/03\/Annonceurs-pour-teaser-1536x860.png 1536w, https:\/\/cirqueoupresque.bzh\/wp-content\/uploads\/2022\/03\/Annonceurs-pour-teaser-920x515.png 920w, https:\/\/cirqueoupresque.bzh\/wp-content\/uploads\/2022\/03\/Annonceurs-pour-teaser-230x129.png 230w, https:\/\/cirqueoupresque.bzh\/wp-content\/uploads\/2022\/03\/Annonceurs-pour-teaser-350x196.png 350w, https:\/\/cirqueoupresque.bzh\/wp-content\/uploads\/2022\/03\/Annonceurs-pour-teaser-480x269.png 480w\" sizes=\"(max-width: 859px) 100vw, 859px\" \/><\/p>\n<p>&nbsp;<\/p>\n<table style=\"border-collapse: collapse; border-style: none;\" border=\"1\">\n<tbody>\n<tr>\n<td style=\"width: 50%;\">\n<ul>\n<li><a href=\"https:\/\/www.pire-sur-seiche.fr\/\">Pir\u00e9-Chanc\u00e9<\/a><\/li>\n<li><a href=\"https:\/\/www.ille-et-vilaine.fr\/\">Ille-et-Vilaine<\/a><\/li>\n<li><a href=\"https:\/\/oara.fr\/\">OARA<\/a><\/li>\n<li><a href=\"https:\/\/www.ouest-france.fr\/\">Ouest-France<\/a><\/li>\n<li><a href=\"https:\/\/actu.fr\/le-journal-de-vitre\/\">Journal de Vitr\u00e9<\/a><\/li>\n<li><a href=\"https:\/\/france3-regions.francetvinfo.fr\/bretagne\/\">France 3 Bretagne<\/a><\/li>\n<li><a href=\"https:\/\/www.tvr.bzh\/\">Tv Rennes<\/a><\/li>\n<li><a href=\"https:\/\/www.francebleu.fr\/armorique\">France Bleu Armorique<\/a><\/li>\n<li><a href=\"https:\/\/www.canalb.fr\/\">Canal B<\/a><\/li>\n<li><a href=\"https:\/\/www.c-lab.fr\/\">C Lab<\/a><\/li>\n<li><a href=\"https:\/\/www.radiorennes.fr\/\">Radio Rennes<\/a><\/li>\n<\/ul>\n<\/td>\n<td style=\"width: 50%;\">\n<ul>\n<li><a href=\"http:\/\/www.cmb.fr\">CMB\u00a0<\/a><\/li>\n<li><a href=\"https:\/\/terranova-france.fr\/bureau-detudes-de-rennes\/\">Terra Nova<\/a><\/li>\n<li><a href=\"https:\/\/www.peugeot-chateaugiron.fr\/\">Peugeot Ch\u00e2teaugiron<\/a><\/li>\n<li><a href=\"https:\/\/www.selfieborne.com\/\">Selfieborne<\/a><\/li>\n<li><a href=\"https:\/\/www.facebook.com\/boulangerieduchateau35410\/\">La boulangerie du Ch\u00e2teau\u00a0<\/a><\/li>\n<li><a href=\"https:\/\/www.triballat-noyal.com\/\">Triballat<\/a><\/li>\n<li><a href=\"https:\/\/hil-proprete.fr\/\">Hil Propret\u00e9\u00a0<\/a><\/li>\n<li><a href=\"http:\/\/www.accroche.net\/\">Accroche net<\/a><\/li>\n<li><a href=\"https:\/\/www.terreazur.fr\/\">TerreAzur<\/a><\/li>\n<li><a href=\"https:\/\/www.magasins-u.com\/magasin\/hyperu-chateaugiron\">Hyper U\u00a0<\/a><\/li>\n<li><a href=\"https:\/\/www.lapouleapois.fr\/\">La poule \u00e0 Pois\u00a0<\/a><\/li>\n<li><a href=\"https:\/\/www.tourisme.paysdechateaugiron.bzh\/\">Pays de Ch\u00e2teaugiron Tourisme<\/a><\/li>\n<\/ul>\n<\/td>\n<\/tr>\n<\/tbody>\n<\/table>\n<p>&nbsp;<\/p>\n<p>Merci \u00e0<br \/>\nL\u2019\u00e9quipe administrative et technique, les \u00e9lus de la commission Culture et Tourisme du Pays de Ch\u00e2teaugiron Communaut\u00e9, l\u2019\u00e9quipe du Ch\u00e2teau des P\u00e8res, les services techniques des communes du territoire, Photogiron, l\u2019office de tourisme du Pays de Ch\u00e2teaugiron,\u00a0 St\u00e9phane Le Moine r\u00e9gie g\u00e9n\u00e9rale et direction technique,\u00a0 Fihavanana Breizh\u2019Mada, Fran\u00e7ois Briand, les partenaires institutionnels et priv\u00e9s du festival, la cr\u00eaperie Colas, Peugeot Ch\u00e2teaugiron &amp; TOUS LES B\u00c9N\u00c9VOLES POUR LEUR IMPLICATION ET LEUR ENTHOUSIASME.<\/p>\n<\/div>\n<\/div><\/div><\/div><\/div><\/div><\/div><div id=\"pg-228-1\"  class=\"panel-grid panel-has-style\" ><div style=\"padding: 100px 0; \" data-overlay=\"true\" data-overlay-color=\"#000000\" class=\"panel-row-style panel-row-style-for-228-1\" ><div id=\"pgc-228-1-0\"  class=\"panel-grid-cell panel-grid-cell-empty panel-grid-cell-mobile-last\" ><\/div><div id=\"pgc-228-1-1\"  class=\"panel-grid-cell panel-grid-cell-empty\" ><\/div><\/div><\/div><\/div>","protected":false},"excerpt":{"rendered":"<p>Partenaires de la 9\u00e8me \u00e9dition du festival (2022)\u00a0 &nbsp; Pir\u00e9-Chanc\u00e9 Ille-et-Vilaine OARA Ouest-France Journal de Vitr\u00e9 France 3 Bretagne Tv Rennes France [&hellip;]<\/p>\n","protected":false},"author":1,"featured_media":0,"parent":0,"menu_order":0,"comment_status":"closed","ping_status":"closed","template":"","meta":{"footnotes":""},"aioseo_notices":[],"_links":{"self":[{"href":"https:\/\/cirqueoupresque.bzh\/index.php\/wp-json\/wp\/v2\/pages\/228"}],"collection":[{"href":"https:\/\/cirqueoupresque.bzh\/index.php\/wp-json\/wp\/v2\/pages"}],"about":[{"href":"https:\/\/cirqueoupresque.bzh\/index.php\/wp-json\/wp\/v2\/types\/page"}],"author":[{"embeddable":true,"href":"https:\/\/cirqueoupresque.bzh\/index.php\/wp-json\/wp\/v2\/users\/1"}],"replies":[{"embeddable":true,"href":"https:\/\/cirqueoupresque.bzh\/index.php\/wp-json\/wp\/v2\/comments?post=228"}],"version-history":[{"count":9,"href":"https:\/\/cirqueoupresque.bzh\/index.php\/wp-json\/wp\/v2\/pages\/228\/revisions"}],"predecessor-version":[{"id":1098,"href":"https:\/\/cirqueoupresque.bzh\/index.php\/wp-json\/wp\/v2\/pages\/228\/revisions\/1098"}],"wp:attachment":[{"href":"https:\/\/cirqueoupresque.bzh\/index.php\/wp-json\/wp\/v2\/media?parent=228"}],"curies":[{"name":"wp","href":"https:\/\/api.w.org\/{rel}","templated":true}]}}

<div id="pl-228"  class="panel-layout" ><div id="pg-228-0"  class="panel-grid panel-has-style" ><div style="padding: 100px 0; " data-overlay="true" class="panel-row-style panel-row-style-for-228-0" ><div id="pgc-228-0-0"  class="panel-grid-cell" ><div id="panel-228-0-0-0" class="so-panel widget widget_sow-editor panel-first-child panel-last-child" data-index="0" ><div style="text-align: left;" data-title-color="#443f3f" data-headings-color="#443f3f" class="panel-widget-style panel-widget-style-for-228-0-0-0" ><div
			
			class="so-widget-sow-editor so-widget-sow-editor-base"
			
		>
<div class="siteorigin-widget-tinymce textwidget">
	<p><strong><span style="font-family: arial, helvetica, sans-serif;">Partenaires de la 9ème édition du festival (2022) </span></strong></p>
<p><img loading="lazy" decoding="async" class="alignnone wp-image-801 " src="https://cirqueoupresque.bzh/wp-content/uploads/2022/03/Annonceurs-pour-teaser.png" alt="Partenaires" width="859" height="480" srcset="https://cirqueoupresque.bzh/wp-content/uploads/2022/03/Annonceurs-pour-teaser.png 1683w, https://cirqueoupresque.bzh/wp-content/uploads/2022/03/Annonceurs-pour-teaser-300x168.png 300w, https://cirqueoupresque.bzh/wp-content/uploads/2022/03/Annonceurs-pour-teaser-1024x573.png 1024w, https://cirqueoupresque.bzh/wp-content/uploads/2022/03/Annonceurs-pour-teaser-768x430.png 768w, https://cirqueoupresque.bzh/wp-content/uploads/2022/03/Annonceurs-pour-teaser-1536x860.png 1536w, https://cirqueoupresque.bzh/wp-content/uploads/2022/03/Annonceurs-pour-teaser-920x515.png 920w, https://cirqueoupresque.bzh/wp-content/uploads/2022/03/Annonceurs-pour-teaser-230x129.png 230w, https://cirqueoupresque.bzh/wp-content/uploads/2022/03/Annonceurs-pour-teaser-350x196.png 350w, https://cirqueoupresque.bzh/wp-content/uploads/2022/03/Annonceurs-pour-teaser-480x269.png 480w" sizes="(max-width: 859px) 100vw, 859px" /></p>
<p>&nbsp;</p>
<table style="border-collapse: collapse; border-style: none;" border="1">
<tbody>
<tr>
<td style="width: 50%;">
<ul>
<li><a href="https://www.pire-sur-seiche.fr/">Piré-Chancé</a></li>
<li><a href="https://www.ille-et-vilaine.fr/">Ille-et-Vilaine</a></li>
<li><a href="https://oara.fr/">OARA</a></li>
<li><a href="https://www.ouest-france.fr/">Ouest-France</a></li>
<li><a href="https://actu.fr/le-journal-de-vitre/">Journal de Vitré</a></li>
<li><a href="https://france3-regions.francetvinfo.fr/bretagne/">France 3 Bretagne</a></li>
<li><a href="https://www.tvr.bzh/">Tv Rennes</a></li>
<li><a href="https://www.francebleu.fr/armorique">France Bleu Armorique</a></li>
<li><a href="https://www.canalb.fr/">Canal B</a></li>
<li><a href="https://www.c-lab.fr/">C Lab</a></li>
<li><a href="https://www.radiorennes.fr/">Radio Rennes</a></li>
</ul>
</td>
<td style="width: 50%;">
<ul>
<li><a href="http://www.cmb.fr">CMB </a></li>
<li><a href="https://terranova-france.fr/bureau-detudes-de-rennes/">Terra Nova</a></li>
<li><a href="https://www.peugeot-chateaugiron.fr/">Peugeot Châteaugiron</a></li>
<li><a href="https://www.selfieborne.com/">Selfieborne</a></li>
<li><a href="https://www.facebook.com/boulangerieduchateau35410/">La boulangerie du Château </a></li>
<li><a href="https://www.triballat-noyal.com/">Triballat</a></li>
<li><a href="https://hil-proprete.fr/">Hil Propreté </a></li>
<li><a href="http://www.accroche.net/">Accroche net</a></li>
<li><a href="https://www.terreazur.fr/">TerreAzur</a></li>
<li><a href="https://www.magasins-u.com/magasin/hyperu-chateaugiron">Hyper U </a></li>
<li><a href="https://www.lapouleapois.fr/">La poule à Pois </a></li>
<li><a href="https://www.tourisme.paysdechateaugiron.bzh/">Pays de Châteaugiron Tourisme</a></li>
</ul>
</td>
</tr>
</tbody>
</table>
<p>&nbsp;</p>
<p>Merci à<br />
L’équipe administrative et technique, les élus de la commission Culture et Tourisme du Pays de Châteaugiron Communauté, l’équipe du Château des Pères, les services techniques des communes du territoire, Photogiron, l’office de tourisme du Pays de Châteaugiron,  Stéphane Le Moine régie générale et direction technique,  Fihavanana Breizh’Mada, François Briand, les partenaires institutionnels et privés du festival, la crêperie Colas, Peugeot Châteaugiron &amp; TOUS LES BÉNÉVOLES POUR LEUR IMPLICATION ET LEUR ENTHOUSIASME.</p>
</div>
</div></div></div></div></div></div><div id="pg-228-1"  class="panel-grid panel-has-style" ><div style="padding: 100px 0; " data-overlay="true" data-overlay-color="#000000" class="panel-row-style panel-row-style-for-228-1" ><div id="pgc-228-1-0"  class="panel-grid-cell panel-grid-cell-empty panel-grid-cell-mobile-last" ></div><div id="pgc-228-1-1"  class="panel-grid-cell panel-grid-cell-empty" ></div></div></div></div>

<p>Partenaires de la 9ème édition du festival (2022)  &nbsp; Piré-Chancé Ille-et-Vilaine OARA Ouest-France Journal de Vitré France 3 Bretagne Tv Rennes France [&hellip;]</p>
